{"id":119,"date":"2019-02-11T17:24:35","date_gmt":"2019-02-11T17:24:35","guid":{"rendered":"http:\/\/liegauer-liederlust.de\/?page_id=119"},"modified":"2019-04-15T11:52:20","modified_gmt":"2019-04-15T11:52:20","slug":"chor","status":"publish","type":"page","link":"https:\/\/liegauer-liederlust.de\/?page_id=119","title":{"rendered":"Chor"},"content":{"rendered":"\n<p>Anfang 2016 entstand die Idee, eines Tages selbst Musik machen zu k\u00f6nnen auf dem Dorffest und dem Liegauer Weihnachtsmarkt.\u00a0Andreas Z\u00f6llner wurde gewonnen, die Sache in die Hand zu nehmen und zwei Rundmails im Dorf gen\u00fcgten, um in kurzer Zeit zwanzig S\u00e4nger\/innen zusammen zu bekommen. Seitdem klingt es jeden Mittwoch aus dem Ortsamt mitten in Liegau-Augustusbad.<br>Inzwischen sind wir reichlich drei\u00dfig Musikbegeisterte.<br><br>Von Anfang an waren Instrumente dabei, die den Klang farbenreicher und das Proben leichter machten. Neben der Gitarre von Andreas Z\u00f6llner gab es zun\u00e4chst Akkordeon und Cello. Inzwischen sind noch Kontrabass, Geige, zwei Fl\u00f6ten und diverse Percussion zu h\u00f6ren.<br><br>Wir singen uns zur Freude, jeder der Lust hat zu singen darf kommen, auch wenn er fr\u00fcher schon mal geh\u00f6rt hat, dass er nicht singen k\u00f6nne. Der Chor bildet eine Gemeinschaft, in der sich diese Dinge in Ruhe entwickeln k\u00f6nnen. Im Moment sind wir eine sch\u00f6ne Mischung aus Laien und erfahrenen Chors\u00e4ngern. Durch das breite Repertoire von Volksliedern \u00fcber einfache klassische Chorst\u00fccke, europ\u00e4ische traditionelle Ges\u00e4nge bis zu Pop finden viele ganz verschiedene Menschen zusammen.<br><br>Es gibt jedes Jahr mehrere\u00a0Konzerte in und um Liegau-Augustusbad und die frohen Gesichter im Publikum zeigen, das wir auf einem guten Weg sind.<br><br>Um die weitere Entwicklung des Chores auch organisatorisch auf sichere F\u00fc\u00dfe zu stellen, hat sich Ende 2018 der Verein \u201eLiegauer Liederlust e.V.\u201c gegr\u00fcndet. Vor reichlich hundert Jahren gab es einen M\u00e4nnergesangsverein in Liegau-Augustusbad. Diese Tradition nehmen wir nun zeitgem\u00e4\u00df wieder auf.<\/p>\n","protected":false},"excerpt":{"rendered":"<p>Anfang 2016 entstand die Idee, eines Tages selbst Musik machen zu k\u00f6nnen auf dem Dorffest und dem Liegauer Weihnachtsmarkt.\u00a0Andreas Z\u00f6llner wurde gewonnen, die Sache in die Hand zu nehmen und zwei Rundmails im Dorf gen\u00fcgten, um in kurzer Zeit zwanzig S\u00e4nger\/innen zusammen zu bekommen. Seitdem klingt es jeden Mittwoch aus dem Ortsamt mitten in Liegau-Augustusbad.Inzwischen &hellip; <a href=\"https:\/\/liegauer-liederlust.de\/?page_id=119\" class=\"more-link\"><span class=\"screen-reader-text\">\u201eChor\u201c<\/span> weiterlesen<\/a><\/p>\n","protected":false},"author":1,"featured_media":0,"parent":0,"menu_order":0,"comment_status":"closed","ping_status":"closed","template":"","meta":{"footnotes":""},"class_list":["post-119","page","type-page","status-publish","hentry"],"_links":{"self":[{"href":"https:\/\/liegauer-liederlust.de\/index.php?rest_route=\/wp\/v2\/pages\/119","targetHints":{"allow":["GET"]}}],"collection":[{"href":"https:\/\/liegauer-liederlust.de\/index.php?rest_route=\/wp\/v2\/pages"}],"about":[{"href":"https:\/\/liegauer-liederlust.de\/index.php?rest_route=\/wp\/v2\/types\/page"}],"author":[{"embeddable":true,"href":"https:\/\/liegauer-liederlust.de\/index.php?rest_route=\/wp\/v2\/users\/1"}],"replies":[{"embeddable":true,"href":"https:\/\/liegauer-liederlust.de\/index.php?rest_route=%2Fwp%2Fv2%2Fcomments&post=119"}],"version-history":[{"count":3,"href":"https:\/\/liegauer-liederlust.de\/index.php?rest_route=\/wp\/v2\/pages\/119\/revisions"}],"predecessor-version":[{"id":161,"href":"https:\/\/liegauer-liederlust.de\/index.php?rest_route=\/wp\/v2\/pages\/119\/revisions\/161"}],"wp:attachment":[{"href":"https:\/\/liegauer-liederlust.de\/index.php?rest_route=%2Fwp%2Fv2%2Fmedia&parent=119"}],"curies":[{"name":"wp","href":"https:\/\/api.w.org\/{rel}","templated":true}]}}